{"id":125850,"date":"2025-05-12T22:20:40","date_gmt":"2025-05-12T21:20:40","guid":{"rendered":"https:\/\/ferrerarquitectos.com\/project-new\/preliminary-project-for-indoor-pool-in-motril-granada-2007\/"},"modified":"2025-08-07T22:30:07","modified_gmt":"2025-08-07T21:30:07","slug":"preliminary-project-of-indoor-pool-in-motril-granada-2007","status":"publish","type":"project-new","link":"https:\/\/ferrerarquitectos.com\/en\/project-en\/preliminary-project-of-indoor-pool-in-motril-granada-2007\/","title":{"rendered":"Preliminary Project for Indoor Pool in Motril (Granada) 2007"},"content":{"rendered":"<p>Indoor pool built with sustainability criteria emphasizing functionality and energy savings.<\/p>\n","protected":false},"featured_media":124637,"template":"","meta":{"_acf_changed":false,"_et_pb_use_builder":"","_et_pb_old_content":"","_et_gb_content_width":""},"categoria_proyecto":[94],"class_list":["post-125850","project-new","type-project-new","status-publish","has-post-thumbnail","hentry","categoria_proyecto-sports-and-leisure-facilities"],"acf":[],"yoast_head":"<!-- This site is optimized with the Yoast SEO plugin v27.5 - https:\/\/yoast.com\/product\/yoast-seo-wordpress\/ -->\n<title>Preliminary Project for Indoor Pool in Motril (Granada) 2007 - Ferrer Arquitectos<\/title>\n<meta name=\"robots\" content=\"index, follow, max-snippet:-1, max-image-preview:large, max-video-preview:-1\" \/>\n<link rel=\"canonical\" href=\"https:\/\/ferrerarquitectos.com\/en\/project-en\/anteproyecto-de-piscina-cubierta-en-motril-granada-2007\/\" \/>\n<meta property=\"og:locale\" content=\"en_US\" \/>\n<meta property=\"og:type\" content=\"article\" \/>\n<meta property=\"og:title\" content=\"Preliminary Project for Indoor Pool in Motril (Granada) 2007 - Ferrer Arquitectos\" \/>\n<meta property=\"og:description\" content=\"Indoor pool built with sustainability criteria emphasizing functionality and energy savings.\" \/>\n<meta property=\"og:url\" content=\"https:\/\/ferrerarquitectos.com\/en\/project-en\/anteproyecto-de-piscina-cubierta-en-motril-granada-2007\/\" \/>\n<meta property=\"og:site_name\" content=\"Ferrer Arquitectos\" \/>\n<meta property=\"article:modified_time\" content=\"2025-08-07T21:30:07+00:00\" \/>\n<meta property=\"og:image\" content=\"https:\/\/ferrerarquitectos.com\/wp-content\/uploads\/04acceso-2-copy-1-scaled.jpg\" \/>\n\t<meta property=\"og:image:width\" content=\"2560\" \/>\n\t<meta property=\"og:image:height\" content=\"1474\" \/>\n\t<meta property=\"og:image:type\" content=\"image\/jpeg\" \/>\n<meta name=\"twitter:card\" content=\"summary_large_image\" \/>\n<script type=\"application\/ld+json\" class=\"yoast-schema-graph\">{\"@context\":\"https:\\\/\\\/schema.org\",\"@graph\":[{\"@type\":\"WebPage\",\"@id\":\"https:\\\/\\\/ferrerarquitectos.com\\\/en\\\/project-en\\\/anteproyecto-de-piscina-cubierta-en-motril-granada-2007\\\/\",\"url\":\"https:\\\/\\\/ferrerarquitectos.com\\\/en\\\/project-en\\\/anteproyecto-de-piscina-cubierta-en-motril-granada-2007\\\/\",\"name\":\"Preliminary Project for Indoor Pool in Motril (Granada) 2007 - Ferrer Arquitectos\",\"isPartOf\":{\"@id\":\"https:\\\/\\\/ferrerarquitectos.com\\\/#website\"},\"primaryImageOfPage\":{\"@id\":\"https:\\\/\\\/ferrerarquitectos.com\\\/en\\\/project-en\\\/anteproyecto-de-piscina-cubierta-en-motril-granada-2007\\\/#primaryimage\"},\"image\":{\"@id\":\"https:\\\/\\\/ferrerarquitectos.com\\\/en\\\/project-en\\\/anteproyecto-de-piscina-cubierta-en-motril-granada-2007\\\/#primaryimage\"},\"thumbnailUrl\":\"https:\\\/\\\/ferrerarquitectos.com\\\/wp-content\\\/uploads\\\/04acceso-2-copy-1-scaled.jpg\",\"datePublished\":\"2025-05-12T21:20:40+00:00\",\"dateModified\":\"2025-08-07T21:30:07+00:00\",\"breadcrumb\":{\"@id\":\"https:\\\/\\\/ferrerarquitectos.com\\\/en\\\/project-en\\\/anteproyecto-de-piscina-cubierta-en-motril-granada-2007\\\/#breadcrumb\"},\"inLanguage\":\"en-US\",\"potentialAction\":[{\"@type\":\"ReadAction\",\"target\":[\"https:\\\/\\\/ferrerarquitectos.com\\\/en\\\/project-en\\\/anteproyecto-de-piscina-cubierta-en-motril-granada-2007\\\/\"]}]},{\"@type\":\"ImageObject\",\"inLanguage\":\"en-US\",\"@id\":\"https:\\\/\\\/ferrerarquitectos.com\\\/en\\\/project-en\\\/anteproyecto-de-piscina-cubierta-en-motril-granada-2007\\\/#primaryimage\",\"url\":\"https:\\\/\\\/ferrerarquitectos.com\\\/wp-content\\\/uploads\\\/04acceso-2-copy-1-scaled.jpg\",\"contentUrl\":\"https:\\\/\\\/ferrerarquitectos.com\\\/wp-content\\\/uploads\\\/04acceso-2-copy-1-scaled.jpg\",\"width\":2560,\"height\":1474},{\"@type\":\"BreadcrumbList\",\"@id\":\"https:\\\/\\\/ferrerarquitectos.com\\\/en\\\/project-en\\\/anteproyecto-de-piscina-cubierta-en-motril-granada-2007\\\/#breadcrumb\",\"itemListElement\":[{\"@type\":\"ListItem\",\"position\":1,\"name\":\"Portada\",\"item\":\"https:\\\/\\\/ferrerarquitectos.com\\\/\"},{\"@type\":\"ListItem\",\"position\":2,\"name\":\"Anteproyecto de Piscina cubierta en Motril (Granada) 2007\"}]},{\"@type\":\"WebSite\",\"@id\":\"https:\\\/\\\/ferrerarquitectos.com\\\/#website\",\"url\":\"https:\\\/\\\/ferrerarquitectos.com\\\/\",\"name\":\"Ferrer Arquitectos\",\"description\":\"Bienvenidos a la p\u00e1gina web de Ferrer Arquitectos. M\u00e1s de 25 a\u00f1os haciendo arquitectura. Dise\u00f1o arquitect\u00f3nico basado en la luz y la sostenibilidad: Viviendas, Oficinas, Museos, Edificios singulares y m\u00e1s.\",\"publisher\":{\"@id\":\"https:\\\/\\\/ferrerarquitectos.com\\\/#organization\"},\"potentialAction\":[{\"@type\":\"SearchAction\",\"target\":{\"@type\":\"EntryPoint\",\"urlTemplate\":\"https:\\\/\\\/ferrerarquitectos.com\\\/?s={search_term_string}\"},\"query-input\":{\"@type\":\"PropertyValueSpecification\",\"valueRequired\":true,\"valueName\":\"search_term_string\"}}],\"inLanguage\":\"en-US\"},{\"@type\":\"Organization\",\"@id\":\"https:\\\/\\\/ferrerarquitectos.com\\\/#organization\",\"name\":\"Ferrer Arquitectos\",\"url\":\"https:\\\/\\\/ferrerarquitectos.com\\\/\",\"logo\":{\"@type\":\"ImageObject\",\"inLanguage\":\"en-US\",\"@id\":\"https:\\\/\\\/ferrerarquitectos.com\\\/#\\\/schema\\\/logo\\\/image\\\/\",\"url\":\"https:\\\/\\\/ferrerarquitectos.com\\\/wp-content\\\/uploads\\\/2015\\\/12\\\/favicon.png\",\"contentUrl\":\"https:\\\/\\\/ferrerarquitectos.com\\\/wp-content\\\/uploads\\\/2015\\\/12\\\/favicon.png\",\"width\":32,\"height\":32,\"caption\":\"Ferrer Arquitectos\"},\"image\":{\"@id\":\"https:\\\/\\\/ferrerarquitectos.com\\\/#\\\/schema\\\/logo\\\/image\\\/\"}}]}<\/script>\n<!-- \/ Yoast SEO plugin. -->","yoast_head_json":{"title":"Preliminary Project for Indoor Pool in Motril (Granada) 2007 - Ferrer Arquitectos","robots":{"index":"index","follow":"follow","max-snippet":"max-snippet:-1","max-image-preview":"max-image-preview:large","max-video-preview":"max-video-preview:-1"},"canonical":"https:\/\/ferrerarquitectos.com\/en\/project-en\/anteproyecto-de-piscina-cubierta-en-motril-granada-2007\/","og_locale":"en_US","og_type":"article","og_title":"Preliminary Project for Indoor Pool in Motril (Granada) 2007 - Ferrer Arquitectos","og_description":"Indoor pool built with sustainability criteria emphasizing functionality and energy savings.","og_url":"https:\/\/ferrerarquitectos.com\/en\/project-en\/anteproyecto-de-piscina-cubierta-en-motril-granada-2007\/","og_site_name":"Ferrer Arquitectos","article_modified_time":"2025-08-07T21:30:07+00:00","og_image":[{"width":2560,"height":1474,"url":"https:\/\/ferrerarquitectos.com\/wp-content\/uploads\/04acceso-2-copy-1-scaled.jpg","type":"image\/jpeg"}],"twitter_card":"summary_large_image","schema":{"@context":"https:\/\/schema.org","@graph":[{"@type":"WebPage","@id":"https:\/\/ferrerarquitectos.com\/en\/project-en\/anteproyecto-de-piscina-cubierta-en-motril-granada-2007\/","url":"https:\/\/ferrerarquitectos.com\/en\/project-en\/anteproyecto-de-piscina-cubierta-en-motril-granada-2007\/","name":"Preliminary Project for Indoor Pool in Motril (Granada) 2007 - Ferrer Arquitectos","isPartOf":{"@id":"https:\/\/ferrerarquitectos.com\/#website"},"primaryImageOfPage":{"@id":"https:\/\/ferrerarquitectos.com\/en\/project-en\/anteproyecto-de-piscina-cubierta-en-motril-granada-2007\/#primaryimage"},"image":{"@id":"https:\/\/ferrerarquitectos.com\/en\/project-en\/anteproyecto-de-piscina-cubierta-en-motril-granada-2007\/#primaryimage"},"thumbnailUrl":"https:\/\/ferrerarquitectos.com\/wp-content\/uploads\/04acceso-2-copy-1-scaled.jpg","datePublished":"2025-05-12T21:20:40+00:00","dateModified":"2025-08-07T21:30:07+00:00","breadcrumb":{"@id":"https:\/\/ferrerarquitectos.com\/en\/project-en\/anteproyecto-de-piscina-cubierta-en-motril-granada-2007\/#breadcrumb"},"inLanguage":"en-US","potentialAction":[{"@type":"ReadAction","target":["https:\/\/ferrerarquitectos.com\/en\/project-en\/anteproyecto-de-piscina-cubierta-en-motril-granada-2007\/"]}]},{"@type":"ImageObject","inLanguage":"en-US","@id":"https:\/\/ferrerarquitectos.com\/en\/project-en\/anteproyecto-de-piscina-cubierta-en-motril-granada-2007\/#primaryimage","url":"https:\/\/ferrerarquitectos.com\/wp-content\/uploads\/04acceso-2-copy-1-scaled.jpg","contentUrl":"https:\/\/ferrerarquitectos.com\/wp-content\/uploads\/04acceso-2-copy-1-scaled.jpg","width":2560,"height":1474},{"@type":"BreadcrumbList","@id":"https:\/\/ferrerarquitectos.com\/en\/project-en\/anteproyecto-de-piscina-cubierta-en-motril-granada-2007\/#breadcrumb","itemListElement":[{"@type":"ListItem","position":1,"name":"Portada","item":"https:\/\/ferrerarquitectos.com\/"},{"@type":"ListItem","position":2,"name":"Anteproyecto de Piscina cubierta en Motril (Granada) 2007"}]},{"@type":"WebSite","@id":"https:\/\/ferrerarquitectos.com\/#website","url":"https:\/\/ferrerarquitectos.com\/","name":"Ferrer Arquitectos","description":"Bienvenidos a la p\u00e1gina web de Ferrer Arquitectos. M\u00e1s de 25 a\u00f1os haciendo arquitectura. Dise\u00f1o arquitect\u00f3nico basado en la luz y la sostenibilidad: Viviendas, Oficinas, Museos, Edificios singulares y m\u00e1s.","publisher":{"@id":"https:\/\/ferrerarquitectos.com\/#organization"},"potentialAction":[{"@type":"SearchAction","target":{"@type":"EntryPoint","urlTemplate":"https:\/\/ferrerarquitectos.com\/?s={search_term_string}"},"query-input":{"@type":"PropertyValueSpecification","valueRequired":true,"valueName":"search_term_string"}}],"inLanguage":"en-US"},{"@type":"Organization","@id":"https:\/\/ferrerarquitectos.com\/#organization","name":"Ferrer Arquitectos","url":"https:\/\/ferrerarquitectos.com\/","logo":{"@type":"ImageObject","inLanguage":"en-US","@id":"https:\/\/ferrerarquitectos.com\/#\/schema\/logo\/image\/","url":"https:\/\/ferrerarquitectos.com\/wp-content\/uploads\/2015\/12\/favicon.png","contentUrl":"https:\/\/ferrerarquitectos.com\/wp-content\/uploads\/2015\/12\/favicon.png","width":32,"height":32,"caption":"Ferrer Arquitectos"},"image":{"@id":"https:\/\/ferrerarquitectos.com\/#\/schema\/logo\/image\/"}}]}},"meta_box":{"imagenes":[{"width":150,"height":150,"file":"04acceso-2-copy.jpg","sizes":{"thumbnail":{"file":"04acceso-2-copy-150x150.jpg","width":150,"height":150,"mime-type":"image\/jpeg","url":"https:\/\/ferrerarquitectos.com\/wp-content\/uploads\/04acceso-2-copy-150x150.jpg"},"medium":{"file":"04acceso-2-copy-300x173.jpg","width":300,"height":173,"mime-type":"image\/jpeg","url":"https:\/\/ferrerarquitectos.com\/wp-content\/uploads\/04acceso-2-copy-300x173.jpg"},"medium_large":{"file":"04acceso-2-copy-768x442.jpg","width":768,"height":442,"mime-type":"image\/jpeg","url":"https:\/\/ferrerarquitectos.com\/wp-content\/uploads\/04acceso-2-copy-768x442.jpg"},"large":{"file":"04acceso-2-copy-1024x590.jpg","width":1024,"height":590,"mime-type":"image\/jpeg","url":"https:\/\/ferrerarquitectos.com\/wp-content\/uploads\/04acceso-2-copy-1024x590.jpg"},"et-pb-post-main-image":{"file":"04acceso-2-copy-400x250.jpg","width":400,"height":250,"mime-type":"image\/jpeg","url":"https:\/\/ferrerarquitectos.com\/wp-content\/uploads\/04acceso-2-copy-400x250.jpg"},"et-pb-post-main-image-fullwidth":{"file":"04acceso-2-copy-1080x675.jpg","width":1080,"height":675,"mime-type":"image\/jpeg","url":"https:\/\/ferrerarquitectos.com\/wp-content\/uploads\/04acceso-2-copy-1080x675.jpg"},"et-pb-portfolio-image":{"file":"04acceso-2-copy-400x284.jpg","width":400,"height":284,"mime-type":"image\/jpeg","url":"https:\/\/ferrerarquitectos.com\/wp-content\/uploads\/04acceso-2-copy-400x284.jpg"},"et-pb-portfolio-module-image":{"file":"04acceso-2-copy-510x382.jpg","width":510,"height":382,"mime-type":"image\/jpeg","url":"https:\/\/ferrerarquitectos.com\/wp-content\/uploads\/04acceso-2-copy-510x382.jpg"},"et-pb-portfolio-image-single":{"file":"04acceso-2-copy-1080x622.jpg","width":1080,"height":622,"mime-type":"image\/jpeg","url":"https:\/\/ferrerarquitectos.com\/wp-content\/uploads\/04acceso-2-copy-1080x622.jpg"}},"image_meta":{"aperture":"0","credit":"","camera":"","caption":"","created_timestamp":"0","copyright":"","focal_length":"0","iso":"0","shutter_speed":"0","title":"","orientation":"1","keywords":[]},"ID":"118826","name":"04acceso-2-copy.jpg","path":"\/var\/www\/vhosts\/ferrerarquitectos.com\/httpdocs\/wp-content\/uploads\/04acceso-2-copy.jpg","url":"https:\/\/ferrerarquitectos.com\/wp-content\/uploads\/04acceso-2-copy-150x150.jpg","full_url":"https:\/\/ferrerarquitectos.com\/wp-content\/uploads\/04acceso-2-copy.jpg","title":"04acceso 2 copy","caption":"","description":"","alt":"","srcset":false}]},"_links":{"self":[{"href":"https:\/\/ferrerarquitectos.com\/en\/wp-json\/wp\/v2\/project-new\/125850","targetHints":{"allow":["GET"]}}],"collection":[{"href":"https:\/\/ferrerarquitectos.com\/en\/wp-json\/wp\/v2\/project-new"}],"about":[{"href":"https:\/\/ferrerarquitectos.com\/en\/wp-json\/wp\/v2\/types\/project-new"}],"wp:featuredmedia":[{"embeddable":true,"href":"https:\/\/ferrerarquitectos.com\/en\/wp-json\/wp\/v2\/media\/124637"}],"wp:attachment":[{"href":"https:\/\/ferrerarquitectos.com\/en\/wp-json\/wp\/v2\/media?parent=125850"}],"wp:term":[{"taxonomy":"categoria_proyecto","embeddable":true,"href":"https:\/\/ferrerarquitectos.com\/en\/wp-json\/wp\/v2\/categoria_proyecto?post=125850"}],"curies":[{"name":"wp","href":"https:\/\/api.w.org\/{rel}","templated":true}]}}

<!-- This site is optimized with the Yoast SEO plugin v27.5 - https://yoast.com/product/yoast-seo-wordpress/ -->
<title>Preliminary Project for Indoor Pool in Motril (Granada) 2007 - Ferrer Arquitectos</title>
<meta name="robots" content="index, follow, max-snippet:-1, max-image-preview:large, max-video-preview:-1" />
<link rel="canonical" href="https://ferrerarquitectos.com/en/project-en/anteproyecto-de-piscina-cubierta-en-motril-granada-2007/" />
<meta property="og:locale" content="en_US" />
<meta property="og:type" content="article" />
<meta property="og:title" content="Preliminary Project for Indoor Pool in Motril (Granada) 2007 - Ferrer Arquitectos" />
<meta property="og:description" content="Indoor pool built with sustainability criteria emphasizing functionality and energy savings." />
<meta property="og:url" content="https://ferrerarquitectos.com/en/project-en/anteproyecto-de-piscina-cubierta-en-motril-granada-2007/" />
<meta property="og:site_name" content="Ferrer Arquitectos" />
<meta property="article:modified_time" content="2025-08-07T21:30:07+00:00" />
<meta property="og:image" content="https://ferrerarquitectos.com/wp-content/uploads/04acceso-2-copy-1-scaled.jpg" />
	<meta property="og:image:width" content="2560" />
	<meta property="og:image:height" content="1474" />
	<meta property="og:image:type" content="image/jpeg" />
<meta name="twitter:card" content="summary_large_image" />
<script type="application/ld+json" class="yoast-schema-graph">{"@context":"https:\/\/schema.org","@graph":[{"@type":"WebPage","@id":"https:\/\/ferrerarquitectos.com\/en\/project-en\/anteproyecto-de-piscina-cubierta-en-motril-granada-2007\/","url":"https:\/\/ferrerarquitectos.com\/en\/project-en\/anteproyecto-de-piscina-cubierta-en-motril-granada-2007\/","name":"Preliminary Project for Indoor Pool in Motril (Granada) 2007 - Ferrer Arquitectos","isPartOf":{"@id":"https:\/\/ferrerarquitectos.com\/#website"},"primaryImageOfPage":{"@id":"https:\/\/ferrerarquitectos.com\/en\/project-en\/anteproyecto-de-piscina-cubierta-en-motril-granada-2007\/#primaryimage"},"image":{"@id":"https:\/\/ferrerarquitectos.com\/en\/project-en\/anteproyecto-de-piscina-cubierta-en-motril-granada-2007\/#primaryimage"},"thumbnailUrl":"https:\/\/ferrerarquitectos.com\/wp-content\/uploads\/04acceso-2-copy-1-scaled.jpg","datePublished":"2025-05-12T21:20:40+00:00","dateModified":"2025-08-07T21:30:07+00:00","breadcrumb":{"@id":"https:\/\/ferrerarquitectos.com\/en\/project-en\/anteproyecto-de-piscina-cubierta-en-motril-granada-2007\/#breadcrumb"},"inLanguage":"en-US","potentialAction":[{"@type":"ReadAction","target":["https:\/\/ferrerarquitectos.com\/en\/project-en\/anteproyecto-de-piscina-cubierta-en-motril-granada-2007\/"]}]},{"@type":"ImageObject","inLanguage":"en-US","@id":"https:\/\/ferrerarquitectos.com\/en\/project-en\/anteproyecto-de-piscina-cubierta-en-motril-granada-2007\/#primaryimage","url":"https:\/\/ferrerarquitectos.com\/wp-content\/uploads\/04acceso-2-copy-1-scaled.jpg","contentUrl":"https:\/\/ferrerarquitectos.com\/wp-content\/uploads\/04acceso-2-copy-1-scaled.jpg","width":2560,"height":1474},{"@type":"BreadcrumbList","@id":"https:\/\/ferrerarquitectos.com\/en\/project-en\/anteproyecto-de-piscina-cubierta-en-motril-granada-2007\/#breadcrumb","itemListElement":[{"@type":"ListItem","position":1,"name":"Portada","item":"https:\/\/ferrerarquitectos.com\/"},{"@type":"ListItem","position":2,"name":"Anteproyecto de Piscina cubierta en Motril (Granada) 2007"}]},{"@type":"WebSite","@id":"https:\/\/ferrerarquitectos.com\/#website","url":"https:\/\/ferrerarquitectos.com\/","name":"Ferrer Arquitectos","description":"Bienvenidos a la página web de Ferrer Arquitectos. Más de 25 años haciendo arquitectura. Diseño arquitectónico basado en la luz y la sostenibilidad: Viviendas, Oficinas, Museos, Edificios singulares y más.","publisher":{"@id":"https:\/\/ferrerarquitectos.com\/#organization"},"potentialAction":[{"@type":"SearchAction","target":{"@type":"EntryPoint","urlTemplate":"https:\/\/ferrerarquitectos.com\/?s={search_term_string}"},"query-input":{"@type":"PropertyValueSpecification","valueRequired":true,"valueName":"search_term_string"}}],"inLanguage":"en-US"},{"@type":"Organization","@id":"https:\/\/ferrerarquitectos.com\/#organization","name":"Ferrer Arquitectos","url":"https:\/\/ferrerarquitectos.com\/","logo":{"@type":"ImageObject","inLanguage":"en-US","@id":"https:\/\/ferrerarquitectos.com\/#\/schema\/logo\/image\/","url":"https:\/\/ferrerarquitectos.com\/wp-content\/uploads\/2015\/12\/favicon.png","contentUrl":"https:\/\/ferrerarquitectos.com\/wp-content\/uploads\/2015\/12\/favicon.png","width":32,"height":32,"caption":"Ferrer Arquitectos"},"image":{"@id":"https:\/\/ferrerarquitectos.com\/#\/schema\/logo\/image\/"}}]}</script>
<!-- / Yoast SEO plugin. -->

Bienvenidos a la página web de Ferrer Arquitectos. Más de 25 años haciendo arquitectura. Diseño arquitectónico basado en la luz y la sostenibilidad: Viviendas, Oficinas, Museos, Edificios singulares y más.
